 292707 and 333.
333
What is the greatest common divisor of 8484 and 588?
84
What is the highest common factor of 340899 and 2?
1
Calculate the greatest common factor of 2892822 and 474.
474
Calculate the highest common divisor of 2206032 and 96.
48
Calculate the greatest common factor of 317 and 2269403.
317
Calculate the greatest common factor of 20373 and 96.
3
What is the highest common divisor of 2905 and 105?
35
Calculate the greatest common factor of 61912 and 1562.
142
Calculate the highest common factor of 132 and 11748.
132
What is the highest common factor of 10319 and 357?
17
What is the highest common factor of 10 and 29895?
5
What is the greatest common divisor of 209 and 147478?
19
What is the highest common factor of 4100 and 450?
50
Calculate the highest common divisor of 2210 and 2482.
34
Calculate the highest common divisor of 1439720 and 140.
20
Calculate the greatest common factor of 405 and 6507.
27
What is the highest common divisor of 284 and 5396?
284
Calculate the highest common factor of 28248 and 3234.
66
What is the highest common factor of 32 and 163168?
32
Calculate the highest common divisor of 54 and 309.
3
What is the greatest common factor of 37856 and 31304?
728
What is the highest common factor of 1727 and 121?
11
What is the highest common divisor of 620 and 15004?
124
What is the highest common factor of 740 and 3070?
10
Calculate the highest common divisor of 421509 and 848.
53
Calculate the greatest common factor of 25 and 1137.
1
What is the highest common divisor of 114 and 5966?
38
What is the greatest common divisor of 12654 and 456?
114
What is the highest common factor of 475 and 398050?
475
Calculate the highest common factor of 40548 and 288.
12
Calculate the greatest common factor of 864 and 80096.
32
What is the highest common divisor of 29250 and 282?
6
What is the greatest common divisor of 33634 and 268?
134
What is the greatest common factor of 26 and 8021?
13
What is the highest common divisor of 19203 and 8769?
111
What is the greatest common divisor of 28112 and 21952?
112
What is the highest common factor of 18384 and 656?
16
What is the greatest common divisor of 112 and 18410?
14
What is the highest common divisor of 2649093 and 51?
51
What is the highest common divisor of 150 and 28710?
30
What is the greatest common divisor of 4498 and 6123?
13
What is the highest common divisor of 6175 and 10127?
247
Calculate the highest common factor of 39265 and 95.
5
Calculate the highest common divisor of 2737 and 357.
119
What is the highest common divisor of 379392 and 96?
96
Calculate the highest common divisor of 7031 and 2607.
79
What is the highest common divisor of 10614 and 5856?
366
What is the highest common divisor of 315 and 23445?
45
What is the highest common factor of 31350 and 1540?
110
Calculate the highest common factor of 41537 and 292.
73
Calculate the highest common divisor of 71376 and 21.
3
What is the greatest common divisor of 45 and 373185?
45
What is the highest common divisor of 416 and 15444?
52
Calculate the highest common factor of 357664 and 32.
32
Calculate the highest common divisor of 1532472 and 48.
24
What is the highest common factor of 167411 and 83?
83
What is the highest common factor of 402165 and 10935?
1215
Calculate the highest common factor of 8938042 and 2644.
1322
Calculate the greatest common divisor of 169787 and 1891.
31
Calculate the greatest common factor of 90 and 2311245.
45
Calculate the greatest common factor of 289055 and 2275.
65
What is the greatest common factor of 22 and 36278?
22
What is the greatest common divisor of 28512 and 9900?
396
What is the highest common divisor of 72 and 410220?
36
What is the highest common factor of 12861 and 36?
9
What is the greatest common divisor of 14155 and 475?
95
Calculate the highest common divisor of 299400 and 5.
5
What is the highest common factor of 11013 and 6?
3
Calculate the highest common divisor of 2184060 and 72.
12
What is the highest common divisor of 40 and 28104?
8
Calculate the highest common divisor of 1514536 and 744.
248
What is the highest common divisor of 54264 and 16?
8
Calculate the highest common factor of 1885 and 12064.
377
Calculate the greatest common factor of 521 and 581957.
521
What is the greatest common factor of 951314 and 364?
182
What is the highest common divisor of 1719 and 953663?
191
Calculate the greatest common divisor of 11446 and 13570.
118
What is the greatest common divisor of 277550 and 52?
26
What is the greatest common factor of 272 and 98464?
272
Calculate the greatest common factor of 238 and 3404352.
238
What is the greatest common divisor of 3825 and 170425?
425
Calculate the greatest common divisor of 35750 and 975.
325
Calculate the greatest common factor of 259 and 240611.
259
What is the highest common divisor of 864280 and 40?
40
What is the highest common factor of 192 and 117876?
12
What is the highest common divisor of 1179 and 216?
9
What is the greatest common divisor of 1513907 and 7319?
563
Calculate the greatest common factor of 516 and 558183.
129
Calculate the highest common factor of 10962 and 4266.
54
What is the greatest common divisor of 1077202 and 14?
14
Calculate the greatest common divisor of 9998702 and 1099.
1099
Calculate the greatest common divisor of 1680 and 245560.
280
What is the highest common divisor of 493 and 8468?
29
Calculate the highest common divisor of 35 and 454670.
5
Calculate the greatest common divisor of 165754 and 8950.
358
Calculate the greatest common divisor of 78431 and 1712.
107
What is the greatest common factor of 49759 and 3026?
17
What is the highest common divisor of 5888 and 115?
23
What is the greatest common factor of 1829539 and 788?
197
Calculate the greatest common divisor of 12 and 373524.
12
What is the greatest common factor of 1312540 and 292?
292
Calculate the greatest common factor of 354488 and 1679.
73
Calculate the greatest common factor of 2249 and 24999.
13
What is the highest common divisor of 315 and 5425?
35
Calculate the greatest common factor of 1899 and 738289.
211
What is the greatest common divisor of 41515 and 368?
23
Calculate the highest common factor of 60 and 1468185.
15
Calculate the greatest common factor of 262 and 718142.
262
Calculate the highest common divisor of 23435 and 34880.
545
What is the highest common divisor of 28779 and 6?
3
What is the highest common factor of 67373 and 801?
89
What is the highest common divisor of 332 and 75?
1
Calculate the greatest common factor of 1264 and 76.
4
What is the highest common divisor of 279 and 64971?
9
What is the highest common factor of 860 and 7654?
86
What is the highest common factor of 1089 and 38313?
99
Calculate the greatest common factor of 285 and 4332.
57
Calculate the greatest common factor of 2483910 and 15.
15
What is the greatest common factor of 35 and 35840?
35
What is the greatest common factor of 270 and 990?
90
What is the greatest common divisor of 503 and 920993?
503
Calculate the greatest common factor of 1755 and 44070.
195
Calculate the greatest common factor of 16836 and 368.
92
What is the greatest common factor of 7461 and 153?
9
What is the greatest common divisor of 389934 and 174?
174
Calculate the highest common divisor of 36496 and 112.
16
Calculate the highest common factor of 21472 and 165066.
1342
Calculate the highest common divisor of 18608 and 176.
16
Calculate the highest common divisor of 1675 and 9112.
67
What is the greatest common divisor of 16 and 36304?
16
Calculate the greatest common factor of 17777 and 3509.
29
What is the greatest common divisor of 96 and 53076?
12
Calculate the greatest common divisor of 464 and 13253.
29
Calculate the greatest common divisor of 243 and 81.
81
What is the highest common factor of 24606 and 90?
18
Calculate the greatest common divisor of 30 and 1052070.
30
Calculate the greatest common factor of 62629 and 4991.
161
What is the highest common divisor of 476 and 52122?
238
Calculate the greatest common factor of 715 and 539.
11
Calculate the greatest common factor of 4389 and 65037.
399
What is the highest common divisor of 2477715 and 15?
15
Calculate the highest common factor of 46944 and 13608.
72
Calculate the high